{"id":932,"date":"2024-06-29T12:16:47","date_gmt":"2024-06-29T12:16:47","guid":{"rendered":"https:\/\/www.bofferoi.com\/hiidenkirnu\/?page_id=932"},"modified":"2024-06-29T14:47:02","modified_gmt":"2024-06-29T14:47:02","slug":"rekisteriseloste","status":"publish","type":"page","link":"https:\/\/www.bofferoi.com\/hiidenkirnu\/index.php\/rekisteriseloste\/","title":{"rendered":"Rekisteriseloste"},"content":{"rendered":"\n<p>T\u00e4m\u00e4 on Henkil\u00f6tietolain 2. luvun 10 \u00a7 mukainen rekisteriseloste koskien Hiidenkirnu-tapahtumien osallistujailmoittautumisten ja uutiskirjeiden tilauksia varten ker\u00e4tt\u00e4v\u00e4\u00e4 tietorekisteri\u00e4.<\/p>\n\n\n\n<p>P\u00e4ivitetty 29.6.2025<\/p>\n\n\n\n<p><\/p>\n\n\n\n<h2 class=\"wp-block-heading\">1. Rekisterinpit\u00e4j\u00e4<\/h2>\n\n\n\n<p>Rekisterinpit\u00e4j\u00e4 on Rovaniemen boffaajat ry, Y-tunnus 3074066-7.<\/p>\n\n\n\n<p><\/p>\n\n\n\n<h2 class=\"wp-block-heading\">2. Rekisterinpit\u00e4j\u00e4n yhteyhenkil\u00f6<\/h2>\n\n\n\n<p>Heikki Tikkanen, s\u00e4hk\u00f6posti: rovaniemenboffaajat@gmail.com<\/p>\n\n\n\n<p><\/p>\n\n\n\n<h2 class=\"wp-block-heading\">3. Rekisterin nimi<\/h2>\n\n\n\n<p>T\u00e4m\u00e4 rekisteriseloste k\u00e4sittelee Hiidenkirnu-tapahtumien osallistujailmoittautumisten ja uutiskirjeiden tilauksia varten ker\u00e4tt\u00e4vi\u00e4 tietoja.<\/p>\n\n\n\n<p><\/p>\n\n\n\n<h2 class=\"wp-block-heading\">4. Henkil\u00f6tietojen k\u00e4sittelyn tarkoitus<\/h2>\n\n\n\n<p>Henkil\u00f6tietojen k\u00e4sittelyn tarkoitus on Hiidenkirnu-tapahtuman ilmoittautumis- ja osallistumistietojen hallinta.<\/p>\n\n\n\n<p><\/p>\n\n\n\n<h2 class=\"wp-block-heading\">5. Rekisteriin tallennettavat tiedot<\/h2>\n\n\n\n<p>Rekisteriin tallennetaan seuraavat yksil\u00f6inti- ja yhteystiedot tai osa niist\u00e4 (s\u00e4ilytysaika 3 vuotta): sukunimi, ensimm\u00e4inen etunimi, ik\u00e4, s\u00e4hk\u00f6postiosoite, asuinpaikkakunta.<\/p>\n\n\n\n<p>Rekisteriin voidaan rekister\u00f6idyn nimenomaisella ilmoituksella tallentaa seuraavat terveydentilaa k\u00e4sittelev\u00e4t tiedot, jotka tuhotaan v\u00e4litt\u00f6m\u00e4sti kun niiden tarve on poistunut: erikoisruokavalio<\/p>\n\n\n\n<p>Rekisteriss\u00e4 ei k\u00e4sitell\u00e4 henkil\u00f6tunnuksia eik\u00e4 maksukortin numeroita.<\/p>\n\n\n\n<p><\/p>\n\n\n\n<h2 class=\"wp-block-heading\">6. S\u00e4\u00e4nn\u00f6nmukaiset tietojen l\u00e4hteet<\/h2>\n\n\n\n<p>Rekisterin tiedot ker\u00e4t\u00e4\u00e4n rekister\u00f6idylt\u00e4 itselt\u00e4\u00e4n t\u00e4m\u00e4n suostumuksella. Rekister\u00f6innin perusteita ovat Henkil\u00f6tietolain 2. luvun 8 \u00a7 1. momentin kohdan 5 mukainen asiakassuhde (tapahtumien osallistumiset).<\/p>\n\n\n\n<p><\/p>\n\n\n\n<h2 class=\"wp-block-heading\">7. S\u00e4\u00e4nn\u00f6nmukaiset tiedon luovutukset<\/h2>\n\n\n\n<p>Tietoja ei luovuteta eteenp\u00e4in. Rekister\u00f6ity\u00e4 koskevat tiedot luovutetaan t\u00e4lle tai poistetaan kokonaan t\u00e4m\u00e4n itse tekem\u00e4st\u00e4 kirjallisesta pyynn\u00f6st\u00e4.<\/p>\n\n\n\n<p><\/p>\n\n\n\n<h2 class=\"wp-block-heading\">8. Tietojen siirto Euroopan unionin tai Euroopan talousalueen ulkopuolelle<\/h2>\n\n\n\n<p>Rekisteri sijaitsee Google Cloud -pilvipalvelussa EU:n ulkopuolella. Googlen palvelut noudattavat Eurooppalaista tietosuojalakia: <a href=\"https:\/\/cloud.google.com\/privacy\/gdpr\">https:\/\/cloud.google.com\/privacy\/gdpr<\/a><\/p>\n\n\n\n<p><\/p>\n\n\n\n<h2 class=\"wp-block-heading\">9. Rekisterin suojauksen periaatteet<\/h2>\n\n\n\n<p>Rekisterin tiedot on suojattu Googlen palveluiden k\u00e4ytt\u00e4min teknisin turvakeinoin (mm. k\u00e4ytt\u00e4j\u00e4kohtaiset p\u00e4\u00e4syoikeudet, salasanan kryptografinen tarkiste sek\u00e4 tiedonsiirron salaus). Tietoihin on p\u00e4\u00e4sy vain tietyin k\u00e4ytt\u00f6oikeuksin rajatuilla k\u00e4sittelij\u00f6ill\u00e4. K\u00e4sittelij\u00f6iden m\u00e4\u00e4r\u00e4 on minimoitu, ja k\u00e4sittelij\u00e4t ohjeistetaan tietosuojan ja -turvan noudattamiseen. Tietoja ei s\u00e4ilytet\u00e4 fyysisess\u00e4 muodossa.<\/p>\n\n\n\n<p><\/p>\n","protected":false},"excerpt":{"rendered":"<p> [&hellip;]<\/p>\n","protected":false},"author":1,"featured_media":0,"parent":0,"menu_order":0,"comment_status":"closed","ping_status":"closed","template":"","meta":{"footnotes":""},"class_list":["post-932","page","type-page","status-publish","hentry"],"_links":{"self":[{"href":"https:\/\/www.bofferoi.com\/hiidenkirnu\/index.php\/wp-json\/wp\/v2\/pages\/932","targetHints":{"allow":["GET"]}}],"collection":[{"href":"https:\/\/www.bofferoi.com\/hiidenkirnu\/index.php\/wp-json\/wp\/v2\/pages"}],"about":[{"href":"https:\/\/www.bofferoi.com\/hiidenkirnu\/index.php\/wp-json\/wp\/v2\/types\/page"}],"author":[{"embeddable":true,"href":"https:\/\/www.bofferoi.com\/hiidenkirnu\/index.php\/wp-json\/wp\/v2\/users\/1"}],"replies":[{"embeddable":true,"href":"https:\/\/www.bofferoi.com\/hiidenkirnu\/index.php\/wp-json\/wp\/v2\/comments?post=932"}],"version-history":[{"count":2,"href":"https:\/\/www.bofferoi.com\/hiidenkirnu\/index.php\/wp-json\/wp\/v2\/pages\/932\/revisions"}],"predecessor-version":[{"id":935,"href":"https:\/\/www.bofferoi.com\/hiidenkirnu\/index.php\/wp-json\/wp\/v2\/pages\/932\/revisions\/935"}],"wp:attachment":[{"href":"https:\/\/www.bofferoi.com\/hiidenkirnu\/index.php\/wp-json\/wp\/v2\/media?parent=932"}],"curies":[{"name":"wp","href":"https:\/\/api.w.org\/{rel}","templated":true}]}}